inder when (216/(-20))/((18/40)/(-3)) is divided by 25.
22
Let m(j) = -13*j + 6*j + 8*j + 13. Calculate the remainder when m(-6) is divided by 4.
3
Suppose -5*c + 635 = 5*l, 5*l + 3*c - 643 = -0*c. What is the remainder when l is divided by 19?
17
Let y be 1/(-5) + 62/10. Let d(o) = -11*o + 1. Let t(p) = 98*p - 10. Let q(h) = 52*d(h) + 6*t(h). Calculate the remainder when q(y) is divided by 30.
28
Let l(c) = 8*c + 2. Let s be l(4). Suppose s = 4*o - 2. Calculate the remainder when 17 is divided by o.
8
Suppose -3*w + 10 = 4. Let f(q) = 6*q**2 + 2*q - 2. What is the remainder when 49 is divided by f(w)?
23
Let y = 3 + 2. Suppose -2 - y = -x. Let b = 49 + -29. What is the remainder when b is divided by x?
6
Let x be 1/2 + 14/(-4). Calculate the remainder when 104/(-6)*x - 0 is divided by 18.
16
Let h(r) = -r**2 - 5*r + 1. Let c be h(-5). Suppose c + 3 = 2*o. Let d = o - -5. Calculate the remainder when 12 is divided by d.
5
What is the remainder when 9/2*(160/12)/4 is divided by 4?
3
Let b = 2 + 0. Suppose -v - 2*v - 6 = 0, x + b*v = 14. Calculate the remainder when x is divided by 52/5 - (-2)/(-5).
8
Let q = -11 + 15. Suppose 9*d - q*d = 20. Calculate the remainder when 6 is divided by d.
2
Let r(s) = -s**2 - 11*s - 12. Suppose -c - 16 + 7 = 0. Let b(x) = -11*x**3 - x**2 - x - 1. What is the remainder when b(-1) is divided by r(c)?
4
Let y(z) = -z**3 + 6*z**2 + z - 5. What is the remainder when 4 is divided by y(6)?
0
Suppose 279 = 4*x + 3*y, -4*x - y = -101 - 168. What is the remainder when x is divided by 23?
20
Let z(u) = -u**2 - 7*u + 2. Let n be z(-8). What is the remainder when 2/n - 902/(-33) is divided by 15?
12
Let f = -71 - -143. Calculate the remainder when f is divided by 15.
12
Let l(w) = 3*w**2 + w + 2. Suppose 3*v + 27 = 4*v + 2*z, -187 = -5*v + 3*z. What is the remainder when v is divided by l(-2)?
11
Let f(r) = r**2 - 3*r - 5. Suppose -7*g + 3*g = 40. Let c = g - -6. Calculate the remainder when f(c) is divided by 12.
11
Let o be 1 + 1 - (0 + -1). Suppose -2*p + 45 = -0*p + o*i, 2*i = -5*p + 85. Let d = 26 - 17. Calculate the remainder when p is divided by d.
6
Suppose -72 + 324 = 3*q + 2*o, -5*q + 2*o + 404 = 0. Calculate the remainder when q is divided by 12.
10
Suppose -2*y + 78 = 4*n, -2*n - 4*y + 24 = -0*y. Calculate the remainder when 43 is divided by n.
21
Suppose d + 96 = 5*c, -3*c - 2*c + 5*d + 100 = 0. Calculate the remainder when 56 is divided by c.
18
Let o = -2 + 30. What is the remainder when o is divided by 11?
6
Let b = -27 + 49. Suppose -4*i - b = -3*k, 2*i - i = -4. Suppose 14 = 2*r - s + k*s, -5*r + 46 = -3*s. What is the remainder when 22 is divided by r?
6
Suppose 5*l - 3*l = 8. Suppose l*x - 5 + 1 = 0. Calculate the remainder when (6/3 + 14)/x is divided by 9.
7
Let t be 2/(-6) + (-80)/(-6). Suppose -t = -2*l + 15. What is the remainder when 53 is divided by l?
11
Suppose -4*w + 281 = -495. Calculate the remainder when w is divided by 49.
47
Let o be (-9)/(-27) + (-28)/(-6). Suppose 95 = o*z + 4*m, 0*m = -3*m. What is the remainder when 36 is divided by z?
17
Let i(y) = y**3 - y**2 + y + 17. Calculate the remainder when 61 is divided by i(0).
10
Calculate the remainder when -1*(2 + -2 + -4) is divided by ((-6)/9)/((-1)/3).
0
Let l = 11 + 12. Calculate the remainder when 89 is divided by l.
20
Let c(o) = 2*o + 4. Let j(f) = f**3 - 19*f**2 + 22. Calculate the remainder when j(19) is divided by c(4).
10
Let i be (-2 + 3 + 0)*1. Let a be (1 - 3) + i + -2. Let t = 4 + a. What is the remainder when 2 is divided by t?
0
Let c = -36 - -56. Suppose -2*y + 160 = -2*g, y - 163 = -y + 3*g. What is the remainder when y is divided by c?
17
Let k(f) = 29*f**3 + f**2. What is the remainder when 148 is divided by k(1)?
28
Let q = 7 - 5. Let o = 11 + q. Calculate the remainder when 24 is divided by o.
11
Suppose 0 = -l - 5*t + 5, 0*l - 38 = -2*l + 4*t. Let x = l + 0. Let p(m) = 4*m + 4. Calculate the remainder when p(6) is divided by x.
13
Let v = 162 - 149. Calculate the remainder when v is divided by 11.
2
Let r = 150 + -125. Calculate the remainder when r is divided by 7.
4
Let n(d) = d**3 - 4*d + 3. Let p be n(2). Suppose 6 = -2*k, -p*y - 4*k - 5 = 4. Suppose -l + y + 3 = 0. What is the remainder when 10 is divided by l?
2
Suppose j - 10 = -l, 4*j - l + 6 = 66. What is the remainder when 40 is divided by j?
12
Let p(u) = 2*u**2 - 16*u + 18. Calculate the remainder when p(12) is divided by 23.
22
Suppose -5*z + 85 = -q - 223, -5*z - 5*q = -290. What is the remainder when 363 is divided by z?
58
Let u = -19 - -11. Let b = 18 + u. Calculate the remainder when 28 is divided by b.
8
Let l(s) = s**2 - 5*s. Let v be l(5). Suppose -h - 3*y + 37 = 2*y, -5*y + 25 = v. Calculate the remainder when 22 is divided by h.
10
Let a(n) = -6*n - 62. What is the remainder when 62 is divided by a(-13)?
14
Suppose -10*g - g + 3*g = 0. Let w be (-3)/(-3) - -1*19. Suppose -5*s = w, -3*l - 3*s + s + 46 = g. Calculate the remainder when 53 is divided by l.
17
Let y(c) = -c**2 + 20*c - 6. What is the remainder when y(6) is divided by 16?
14
Let z(q) = -3 + 3 + 0*q**3 + q**3 - 2*q**2 + 4*q - 1. Calculate the remainder when z(3) is divided by 7.
6
Let t(o) = -4*o - 6. Let k be t(-6). Suppose 3*w - k = 2*w. What is the remainder when 34 is divided by w?
16
Suppose -4*m + 3 = -m. Calculate the remainder when 15 is divided by (3 - 4)*m - -7.
3
Let u(r) = -r**3 - 2*r**2 - 4*r. Calculate the remainder when 22 is divided by u(-2).
6
Suppose -9*j + 7*j = -14. Suppose -3*n = 5*w - 198, 2*n + j*w = 2*w + 132. Calculate the remainder when n is divided by 23.
20
Let i(y) = y**3 + 14*y**2 - 15*y + 15. Let h(c) = c + 2. What is the remainder when i(-15) is divided by h(6)?
7
Let t = 37 - -9. Calculate the remainder when t is divided by 17.
12
Let t be 42 - -4*4/(-8). Let a = t + -23. Let s(q) = 7*q**2 + q. What is the remainder when a is divided by s(-1)?
5
Suppose 57 = 2*h + h. Suppose 7 = 3*i + 4*w - 0, -h = -5*i - 3*w. Calculate the remainder when 8 is divided by i.
3
What is the remainder when (-15)/(-25) - 144/(-10) is divided by 9?
6
Let n = -169 + 320. What is the remainder when n is divided by 31?
27
What is the remainder when ((-2)/8)/((-28)/336) is divided by 2?
1
Let c(b) be the first derivative of -b**2/2 - 3*b + 2. What is the remainder when 3 is divided by c(-6)?
0
Suppose -4*u + 10 = 5*o, -5*u + 3 = 3*o + 10. Suppose 2*m - 27 = w, m - o = 3*w + 20. What is the remainder when 30 is divided by m?
8
Suppose 0 = 5*q + y - 19, -q - q = -5*y - 13. Suppose 5*i + 94 = 2*a, -q*i - 4*a - 26 = 38. Let c = i - -41. Calculate the remainder when c is divided by 8.
7
Let b = 2 - -1. Suppose -s = -u + b*s + 56, -3*s = -5*u + 263. What is the remainder when u is divided by 18?
16
Suppose y = -2*y + 15. Let m(b) = 11*b**2 - b - 1. What is the remainder when m(1) is divided by y?
4
Let w(r) = -7*r**3 - 6*r**2 + 2*r + 1. What is the remainder when 83 is divided by w(-2)?
25
What is the remainder when 30 is divided by (-4 - -1)/(4 + 67/(-16))?
14
Suppose 2*w + 11 = 5*y - 6, 3*w = y + 7. Suppose 6 = 2*h - w*i, 0*h + 3*h = -2*i + 25. What is the remainder when 12 is divided by h?
5
Let s(h) = 4*h**2 - 4*h - 8. Let p be s(5). Suppose 2*m - p = -m. What is the remainder when m is divided by 9?
6
Suppose -4*m - 1 + 269 = 0. Calculate the remainder when m is divided by 23.
21
Let c = 63 - 38. Let w(y) = -y**2 - 17*y + 7. Calculate the remainder when c is divided by w(-17).
4
Let n(x) = -x + 2. Let c be n(0). Suppose 7*i - c*i = 40. Calculate the remainder when 21 is divided by i.
5
Let m(x) = -2*x**2 - 1. Let c be m(2). Suppose 0 = -5*n + 4*n + 1. Calculate the remainder when 1/5 + c/(-5) is divided by n.
0
Let c(i) = 4*i**2 + i - 7. What is the remainder when c(4) is divided by 13?
9
Suppose 0 = -4*y - 2*m + 4*m + 40, -5*y - m = -36. Suppose -5*u + 4 = -5*t - 6, 3*u + 5*t - 22 = 0. Calculate the remainder when 2/3*138/u is divided by y.
7
Calculate the remainder when (2/6)/(2/24) is divided by (-2 - -1)*(-6)/3.
0
Let g = 6 - 4. What is the remainder when 2 is divided by (g/(6/(-3)))/(-1)?
0
Let n(f) = f**3 + 13*f**2 + 13*f + 26. Calculate the remainder when 34 is divided by n(-12).
6
Let q = 41 + -25. Suppose -z + 2 = 0, -4*x + 2*x + q = 2*z. What is the remainder wh